ase 16) to base 7
501041
What is 656265 (base 9) in base 2?
1011111101000001110
Convert -22020220121 (base 3) to base 16.
-27ac6
Convert -4b81b (base 13) to base 11.
-9602a
11121300132 (base 4) to base 10
1416222
What is -443152 (base 7) in base 14?
-20599
Convert -45213235 (base 6) to base 9.
-2518115
Convert 1313003332 (base 4) to base 13.
140c89
What is 535246 (base 7) in base 14?
25ccd
What is 4221552 (base 6) in base 2?
110010000110001100
-20674 (base 8) to base 6
-103552
Convert 5114342 (base 6) to base 14.
64982
23099e (base 15) to base 7
20134652
What is -c345d (base 16) in base 8?
-3032135
What is a2687 (base 11) in base 3?
21121121121
Convert 1111100010101011110 (base 2) to base 16.
7c55e
Convert -11bb0a (base 12) to base 11.
-189011
101052435 (base 6) to base 11
a84324
206012 (base 10) to base 11
130864
463f9 (base 16) to base 5
33201422
What is 10732434 (base 9) in base 4?
103321320100
Convert -222220012001211 (base 3) to base 11.
-8082a59
-30243343 (base 5) to base 13
-86b54
What is -10286 (base 14) in base 4?
-21200032
Convert 210011000102 (base 3) to base 4.
1211220032
What is 1722668 (base 9) in base 6?
32324012
What is -1002200011102 (base 3) in base 6?
-20303532
Convert -4b30bc (base 14) to base 13.
-6c5492
Convert 46226 (base 8) to base 3.
222220011
Convert 30140411 (base 5) to base 12.
b6b4a
-63a9b3 (base 12) to base 8
-6002027
Convert -326133 (base 7) to base 9.
-86606
What is -17185727 (base 9) in base 8?
-40701516
121002210202 (base 3) to base 16
4d62d
What is 10221000021 (base 3) in base 5?
4433111
What is -10403440431 (base 5) in base 7?
-165546223
213100002 (base 4) to base 15
32980
What is -e987 (base 15) in base 11?
-34131
What is 5247d (base 16) in base 4?
1102101331
What is 137646 (base 8) in base 15?
e80c
What is 1088055 (base 10) in base 9?
2037470
What is -1076423 (base 8) in base 2?
-1000111110100010011
Convert 12165216 (base 7) to base 5.
234420010
Convert -1251115 (base 8) to base 13.
-c297b
Convert 20212401 (base 5) to base 12.
7a730
What is -160137 (base 9) in base 3?
-12000011021
Convert -2520672 (base 8) to base 4.
-2222012322
Convert 437119 (base 11) to base 6.
22541321
What is 2144c5b (base 13) in base 8?
46560237
What is -1000321130 (base 6) in base 7?
-151611252
Convert 10110100011110101 (base 2) to base 5.
10424110
What is -16752714 (base 8) in base 5?
-2000440411
Convert 23543434 (base 6) to base 2.
10110101110100001110
112310003 (base 4) to base 5
10442233
What is 6c8b7 (base 13) in base 11?
126760
10101010101010011001100 (base 2) to base 11
317a610
What is -3230130133 (base 4) in base 9?
-1735447
What is 222210130 (base 4) in base 11?
10a003
-42022431 (base 5) to base 4
-1110110112
Convert -243414004 (base 6) to base 9.
-8670564
15987 (base 10) to base 2
11111001110011
Convert -a2bcae (base 16) to base 4.
-220223302232
Convert 38b77 (base 12) to base 11.
53423
What is -26d5b4 (base 14) in base 5?
-320433304
What is 11312 (base 16) in base 15?
15ce8
What is 45540520 (base 7) in base 5?
2004220230
324643 (base 7) to base 2
1101111001011000
What is 222241423 (base 5) in base 9?
1750175
What is -153516 (base 11) in base 6?
-5041515
Convert 540555 (base 7) to base 15.
1cc69
What is -46612 (base 7) in base 3?
-121102011
-1011221201 (base 4) to base 3
-112111022222
111200424 (base 5) to base 15
9a60e
Convert 10011001001111100110101 (base 2) to base 11.
291a7a4
What is 12022213 (base 4) in base 8?
61247
-1535081 (base 10) to base 6
-52522505
What is 164321 (base 13) in base 10?
551981
101000010101001001010 (base 2) to base 8
5025112
-106330 (base 12) to base 4
-333121110
84826a9 (base 11) to base 9
31086140
Convert -74500 (base 8) to base 16.
-7940
What is -6300a9 (base 12) in base 9?
-2830453
What is c532d (base 15) in base 14?
123b37
700581 (base 13) to base 7
31046115
Convert -1803775 (base 11) to base 6.
-145405151
-1010100001101001011101 (base 2) to base 11
-161508a
Convert 13323330122 (base 4) to base 5.
1013034123
-206175 (base 13) to base 9
-1372066
Convert -210624 (base 10) to base 16.
-336c0
Convert -202021212200 (base 3) to base 9.
-667780
-3eaa0 (base 15) to base 5
-22422100
What is -10430443 (base 5) in base 2?
-10110100111001111
What is 13324330 (base 6) in base 10?
446814
287897 (base 10) to base 2
1000110010010011001
What is 1102222111 (base 3) in base 8?
67401
What is 12110516 (base 8) in base 10?
2658638
What is -3412502 (base 8) in base 12?
-386142
Convert -1a1909 (base 15) to base 2.
-100110110010011111010
-76360 (base 9) to base 6
-1030130
What is -2656662 (base 7) in base 14?
-91a69
162084 (base 10) to base 16
27924
35968a6 (base 11) to base 3
102210002011122
Convert -56e7b (base 16) to base 14.
-93a1d
What is 243014 (base 8) in base 7?
465230
Convert 432052 (base 7) to base 11.
51512
a7999 (base 12) to base 11
140a40
Convert -7411683 (base 10) to base 9.
-14845823
-10cc4 (base 14) to base 8
-117754
Convert -564113 (base 7) to base 4.
-120120200
What is -1102110 (base 7) in base 9?
-225410
What is 3606604 (base 7) in base 2?
1101111010111010001
-120021323112 (base 4) to base 13
-1409220
What is 1411d5 (base 14) in base 10?
694615
Convert 23135530 (base 6) to base 2.
10101110000001001110
-dc224 (base 14) to base 6
-15230252
Convert -22433414 (base 9) to base 8.
-51420067
What is 34290 (base 13) in base 14?
26846
Convert 110111111001101010 (base 2) to base 10.
228970
-1893fe (base 16) to base 15
-21c3d5
What is -846582 (base 9) in base 10?
-503489
Convert -133010111 (base 4) to base 6.
-2421045
Convert 100111110010100011101 (base 2) to base 14.
25d233
What is 11422100 (base 5) in base 13?
3a095
1022022121 (base 4) to base 11
198254
What is 261436 (base 7) in base 3?
2110122111
Convert -20342200 (base 5) to base 13.
-5b87a
Convert -203223013030 (base 4) to base 10.
-9351628
-55712 (base 11) to base 16
-13b50
Convert -14063362 (base 7) to base 11.
-815056
What is -403313 (base 14) in base 2?
-1000001111011000000101
2b79f6 (base 16) to base 14
542514
Convert 6a93b (base 12) to base 15.
2c5ae
What is -166572 (base 15) in base 5?
-234201412
What is -17136 (base 14) in base 16?
-e20c
-111123231321 (base 4) to base 13
-12194b5
What is 111030113212 (base 4) in base 14?
a4894a
What is 531420 (base 7) in base 2?
10110011010001111
Convert -233231432 (base 5) to base 16.
-105713
What is 221012200122 (base 3) in base 7?
4134500
What is -10001101122 (base 4) in base 15?
-15c376
Convert -23133333110 (base 4) to base 16.
-2dffd4
110541026 (base 7) to base 2
11001011111011011101010
Convert 15415535 (base 7) to base 5.
334432103
Convert 61441214 (base 7) to base 6.
302030355
1011010010011001 (base 2) to base 11
31810
What is 11216546 (base 9) in base 10?
5443890
Convert 333472 (base 9) to base 5.
22340111
Convert 21231323 (base 4) to base 5.
2233203
What is -11d485 (base 14) in base 16?
-959cd
65463 (base 11) to base 13
3435b
What is -1131516 (base 8) in base 6?
-10334050
What is -207754 (base 10) in base 8?
-625612
579a50 (base 11) to base 13
263281
1225305 (base 8) to base 14
8b59b
Convert 115731 (base 9) to base 4.
101003122
Convert 232322 (base 8) to base 4.
103103102
Convert 65ee (base 15) to base 2.
101010001011111
Convert 306211 (base 9) to base 6.
3521101
12133012021 (base 4) to base 9
3171247
Convert -12001211010 (base 3) to base 14.
-284c5
What is 1100011010001111011 (base 2) in base 12?
1773b7
4520 (base 10) to base 16
11a8
Convert -52154341 (base 6) to base 11.
-940192
-364864 (base 11) to base 9
-1068882
-10337610 (base 9) to base 12
-1805099
Convert 10436144 (base 8) to base 13.
607331
What is -2110221002001 (base 3) in base 10?
-1317358
-205455 (base 6) to base 10
-16811
What is 1002747 (base 8) in base 3?
111101200000
Convert 591c (base 16) to base 6.
253340
What is -2d7d67 (base 14) in base 16?
-185de7
Convert 33a495 (base 13) to base 5.
303103310
122633 (base 10) to base 8
357411
What is -bba89a (base 14) in base 11?
-365a235
-e3a69 (base 16) to base 4
-3203221221
230101300 (base 4) to base 9
305701
Convert 221642 (base 8) to base 2.
10010001110100010
What is 40214223 (base 5) in base 15?
64be3
What is -3011233300 (base 4) in base 7?
-6612265
-12011001202 (base 3) to base 13
-371b4
What is 3012555 (base 8) in base 15?
109997
11110100001101100110011 (base 2) to base 9
16046145
Wha